3
List the prime factors of 1971642232.
2, 7, 67, 525491
What are the prime factors of 666321435?
3, 5, 13, 1139011
What are the prime factors of 706264164?
2, 3, 43, 152081
List the prime factors of 99329155.
5, 53, 59, 6353
What are the prime factors of 311445954?
2, 3, 229, 75557
List the prime factors of 842439936.
2, 3, 13, 19, 4441
What are the prime factors of 26000971?
23, 31, 36467
List the prime factors of 248123754.
2, 3, 13784653
List the prime factors of 11921747.
251, 47497
List the prime factors of 46593431.
46593431
What are the prime factors of 938456897?
7, 43, 3117797
What are the prime factors of 17334490?
2, 5, 1733449
List the prime factors of 3708680289.
3, 127, 9734069
What are the prime factors of 1561368?
2, 3, 67, 971
List the prime factors of 207686104.
2, 25960763
What are the prime factors of 66685662?
2, 3, 17, 383, 569
List the prime factors of 2582623398.
2, 3, 47, 1657, 5527
List the prime factors of 339102894.
2, 3, 13, 334421
List the prime factors of 24544044.
2, 3, 7, 97397
List the prime factors of 3042676194.
2, 3, 113, 4487723
List the prime factors of 17802987.
3, 127, 46727
What are the prime factors of 12731797?
13, 979369
What are the prime factors of 2643672461?
38039, 69499
What are the prime factors of 246311679?
3, 82103893
What are the prime factors of 23170722?
2, 3, 43, 89809
What are the prime factors of 143209532?
2, 35802383
What are the prime factors of 443028941?
443028941
List the prime factors of 548491423.
548491423
What are the prime factors of 1441112446?
2, 19867, 36269
List the prime factors of 427101717.
3, 7, 229, 88813
What are the prime factors of 571652660?
2, 5, 28582633
List the prime factors of 30030030.
2, 3, 5, 333667
List the prime factors of 851063767.
2297, 370511
What are the prime factors of 10460992?
2, 149, 1097
List the prime factors of 428207137.
1553, 275729
What are the prime factors of 839268384?
2, 3, 8742379
List the prime factors of 16808122.
2, 19, 442319
What are the prime factors of 20572805?
5, 11, 17, 22003
What are the prime factors of 50163331?
1427, 35153
What are the prime factors of 2249211135?
3, 5, 941, 159349
What are the prime factors of 5580785?
5, 7, 317, 503
What are the prime factors of 52679913?
3, 11, 13, 19, 23, 281
What are the prime factors of 3164818981?
29, 281, 388369
What are the prime factors of 77662610?
2, 5, 41, 189421
What are the prime factors of 171400874?
2, 67, 1279111
What are the prime factors of 7339438008?
2, 3, 7, 14562377
What are the prime factors of 130286499?
3, 7, 6204119
What are the prime factors of 139880548?
2, 43, 18913
What are the prime factors of 490856571?
3, 18179873
List the prime factors of 634297954.
2, 71, 389, 11483
List the prime factors of 173429676.
2, 3, 7, 127, 5419
List the prime factors of 552191743.
331, 1668253
What are the prime factors of 33525954?
2, 3, 7, 11, 733
List the prime factors of 1737989776.
2, 397, 273613
What are the prime factors of 47403441?
3, 101, 17383
List the prime factors of 9097779.
3, 3032593
What are the prime factors of 3343728?
2, 3, 69661
List the prime factors of 147213745.
5, 7, 4206107
List the prime factors of 82201437.
3, 1667, 5479
List the prime factors of 68108418.
2, 3, 7, 180181
List the prime factors of 331509933.
3, 29, 337, 3769
What are the prime factors of 6161449653?
3, 5003, 45613
List the prime factors of 250984531.
7, 29, 787, 1571
List the prime factors of 188453112.
2, 3, 461, 17033
List the prime factors of 403247632.
2, 25202977
List the prime factors of 161655909.
3, 229, 235307
What are the prime factors of 581408690?
2, 5, 61, 293, 3253
List the prime factors of 1563205705.
5, 29, 2131, 5059
List the prime factors of 312785262.
2, 3, 1657, 10487
List the prime factors of 3605337989.
11, 19, 17250421
List the prime factors of 1081040247.
3, 7, 17159369
List the prime factors of 5205008.
2, 61, 5333
What are the prime factors of 4419660059?
23, 29, 6626177
List the prime factors of 350029770.
2, 3, 5, 11667659
List the prime factors of 391524270.
2, 3, 5, 13050809
What are the prime factors of 541439389?
23, 37, 47, 13537
What are the prime factors of 641595528?
2, 3, 7, 53, 24019
What are the prime factors of 3434532664?
2, 4937, 86959
What are the prime factors of 3981503084?
2, 13, 1619, 47293
List the prime factors of 22717820.
2, 5, 1135891
List the prime factors of 297511504.
2, 47, 395627
What are the prime factors of 697830869?
697830869
What are the prime factors of 80371105?
5, 571, 28151
List the prime factors of 56655584.
2, 37, 109, 439
What are the prime factors of 116749547?
19, 61, 100733
What are the prime factors of 6715491923?
7, 29, 59, 271, 2069
List the prime factors of 48292557.
3, 89, 180871
List the prime factors of 3683358541.
2741, 1343801
List the prime factors of 99486172.
2, 41, 547, 1109
List the prime factors of 48432172.
2, 12108043
List the prime factors of 644707676.
2, 73, 1409, 1567
What are the prime factors of 736790?
2, 5, 73679
What are the prime factors of 63362908?
2, 7, 43, 52627
What are the prime factors of 230020676?
2, 17, 3382657
What are the prime factors of 58727708?
2, 13, 19, 59441
List the prime factors of 1368484944.
2, 3, 29, 127, 7741
List the prime factors of 1126688161.
151, 1277, 5843
What are the prime factors of 14787196?
2, 3696799
What are the prime factors of 5524994684?
2, 11, 125568061
What are the prime factors of 391408918?
2, 17, 73, 179, 881
What are the prime factors of 355629867?
3, 118543289
What are the prime factors of 2161699421?
7, 2437, 126719
List the prime factors of 4894171371.
3, 14221, 38239
What are the prime factors of 2784295261?
11, 683, 370597
What are the prime factors of 2246631563?
11, 139, 223, 599
What are the prime factors of 7358835735?
3, 5, 163529683
List the prime factors of 73861090.
2, 5, 17, 41, 10597
List the prime factors of 85631858.
2, 13, 31, 106243
What are the prime factors of 18110430?
2, 3, 5, 13, 23, 673
What are the prime factors of 444584644?
2, 7, 2268289
What are the prime factors of 100403662?
2, 3343, 15017
What are the prime factors of 976641994?
2, 887, 550531
List the prime factors of 12062831.
11, 1096621
List the prime factors of 86956569.
3, 7, 827, 1669
List the prime factors of 196952582.
2, 17, 853, 6791
What are the prime factors of 597845366?
2, 298922683
What are the prime factors of 3518082611?
233, 733, 20599
What are the prime factors of 41987586?
2, 3, 17, 59, 6977
What are the prime factors of 10404077?
19, 547583
What are the prime factors of 97622930?
2, 5, 307, 31799
List the prime factors of 892877158.
2, 23, 2251, 8623
List the prime factors of 65933580.
2, 3, 5, 739, 1487
List the prime factors of 435342424.
2, 11, 31, 53, 3011
What are the prime factors of 8595431247?
3, 13, 127, 1735399
What are the prime factors of 748482929?
67, 11171387
What are the prime factors of 814823364?
2, 3, 127, 534661
List the prime factors of 1676517339.
3, 7, 17, 4696127
List the prime factors of 6345459270.
2, 3, 5, 17, 199, 6947
List the prime factors of 650776557.
3, 71, 103, 29663
List the prime factors of 46404266.
2, 23202133
What are the prime factors of 12898158?
2, 3, 7, 13, 23623
List the prime factors of 5265838675.
5, 210633547
What are the prime factors of 12005095?
5, 2401019
List the prime factors of 96200244.
2, 3, 7, 127249
List the prime factors of 1039315805.
5, 11, 43, 113, 3889
List the prime factors of 6586388149.
11, 17, 35221327
What are the prime factors of 24578488?
2, 11, 25391
What are the prime factors of 3195416?
2, 7, 43, 1327
What are the prime factors of 2408618?
2, 1204309
What are the prime factors of 111556801?
173, 644837
What are the prime factors of 441015484?
2, 7, 13, 73, 2371
List the prime factors of 138987919.
7, 23, 863279
What are the prime factors of 90523277?
13, 19, 19289
What are the prime factors of 3961273246?
2, 7, 282948089
List the prime factors of 6126116544.
2, 3, 10635619
What are the prime factors of 65317056?
2, 3, 7, 23, 2113
What are the prime factors of 214636405?
5, 31, 89, 15559
List the prime factors of 23027674.
2, 617, 18661
What are the prime factors of 255336972?
2, 3, 11, 19, 61, 1669
What are the prime factors of 296688273?
3, 7, 151, 935